{"id":1217,"date":"2026-03-04T12:49:50","date_gmt":"2026-03-04T11:49:50","guid":{"rendered":"https:\/\/yogaandoils.de\/?page_id=1217"},"modified":"2026-04-09T10:17:23","modified_gmt":"2026-04-09T08:17:23","slug":"vor-ort","status":"publish","type":"page","link":"https:\/\/yogaandoils.de\/index.php\/vor-ort\/","title":{"rendered":"Vor Ort"},"content":{"rendered":"\n<iframe loading=\"lazy\" id=\"69a822f1a39e6f8cbba2a0fe\" width=\"100%\" height=\"150\" class=\"yolawo-widget\" allow=\"payment\" src=\"https:\/\/widgets.yolawo.de\/w\/69a822f1a39e6f8cbba2a0fe\" frameborder=\"0\" data-offset-x=\"50\" scrolling=\"no\"><\/iframe><script type=\"text\/javascript\" src=\"https:\/\/widgets.yolawo.de\/assets\/script.js\"><\/script>\n\n\n\n<p><strong>WOCHENEND-RETREATS<\/strong>&nbsp;(Volkshochschule Neuk\u00f6lln):<\/p>\n\n\n\n<p>29.-31.05.26&nbsp;<a href=\"https:\/\/www.vhsit.berlin.de\/VHSKURSE\/BusinessPages\/CourseDetail.aspx?id=785483\"><strong>Ein Wochenende mit Somatic Yoga, EFT, Achtsamkeit &amp; Journaling (Nk-S233b)<\/strong><\/a><\/p>\n\n\n\n<p><\/p>\n\n\n\n<p><strong>BILDUNGSURLAUBE<\/strong><\/p>\n\n\n\n<p>bei&nbsp;<a href=\"https:\/\/yoga-und-bildungsurlaub.de\/\">Bildungsurlaub Berlin | Yoga-, Entspannungs- &amp; Gesundheitskurse<\/a>:<\/p>\n\n\n\n<p>04.-08.05.26&nbsp;<strong>Schorfheide: Stretching Yoga f\u00fcr Faszien und Flexibilit\u00e4t<\/strong><\/p>\n\n\n\n<p>05.-09.10.26&nbsp;<strong>Urban Charlottenburg: Stressbew\u00e4ltigung, Achtsamkeit &amp; Yoga, R\u00fcckengesundheit (mit Aroma\u00f6len)<\/strong><\/p>\n\n\n\n<p>02.-06.11.26<strong>&nbsp;Schorfheide: Yoga, Meditation und Achtsamkeit f\u00fcr K\u00f6rper und Geist<\/strong><\/p>\n\n\n\n<p>16.-20.11.26:&nbsp;<strong>Urban Charlottenburg: Stressbew\u00e4ltigung, Achtsamkeit &amp; Yoga, R\u00fcckengesundheit (mit Aroma\u00f6len)<\/strong><\/p>\n","protected":false},"excerpt":{"rendered":"<p>WOCHENEND-RETREATS&nbsp;(Volkshochschule Neuk\u00f6lln): 29.-31.05.26&nbsp;Ein Wochenende mit Somatic Yoga, EFT, Achtsamkeit &amp; Journaling (Nk-S233b) BILDUNGSURLAUBE bei&nbsp;Bildungsurlaub Berlin | Yoga-, Entspannungs- &amp; Gesundheitskurse: 04.-08.05.26&nbsp;Schorfheide: Stretching Yoga f\u00fcr Faszien und Flexibilit\u00e4t 05.-09.10.26&nbsp;Urban Charlottenburg: Stressbew\u00e4ltigung, Achtsamkeit &amp; Yoga, R\u00fcckengesundheit (mit Aroma\u00f6len) 02.-06.11.26&nbsp;Schorfheide: Yoga, Meditation und Achtsamkeit f\u00fcr K\u00f6rper und Geist 16.-20.11.26:&nbsp;Urban Charlottenburg: Stressbew\u00e4ltigung, Achtsamkeit &amp; Yoga, R\u00fcckengesundheit (mit Aroma\u00f6len)<\/p>\n","protected":false},"author":1,"featured_media":0,"parent":0,"menu_order":4,"comment_status":"closed","ping_status":"closed","template":"","meta":{"_monsterinsights_skip_tracking":false,"_monsterinsights_sitenote_active":false,"_monsterinsights_sitenote_note":"","_monsterinsights_sitenote_category":0,"footnotes":""},"class_list":["post-1217","page","type-page","status-publish","hentry"],"aioseo_notices":[],"_links":{"self":[{"href":"https:\/\/yogaandoils.de\/index.php\/wp-json\/wp\/v2\/pages\/1217","targetHints":{"allow":["GET"]}}],"collection":[{"href":"https:\/\/yogaandoils.de\/index.php\/wp-json\/wp\/v2\/pages"}],"about":[{"href":"https:\/\/yogaandoils.de\/index.php\/wp-json\/wp\/v2\/types\/page"}],"author":[{"embeddable":true,"href":"https:\/\/yogaandoils.de\/index.php\/wp-json\/wp\/v2\/users\/1"}],"replies":[{"embeddable":true,"href":"https:\/\/yogaandoils.de\/index.php\/wp-json\/wp\/v2\/comments?post=1217"}],"version-history":[{"count":9,"href":"https:\/\/yogaandoils.de\/index.php\/wp-json\/wp\/v2\/pages\/1217\/revisions"}],"predecessor-version":[{"id":1297,"href":"https:\/\/yogaandoils.de\/index.php\/wp-json\/wp\/v2\/pages\/1217\/revisions\/1297"}],"wp:attachment":[{"href":"https:\/\/yogaandoils.de\/index.php\/wp-json\/wp\/v2\/media?parent=1217"}],"curies":[{"name":"wp","href":"https:\/\/api.w.org\/{rel}","templated":true}]}}