{"id":1024,"date":"2025-08-26T15:37:57","date_gmt":"2025-08-26T13:37:57","guid":{"rendered":"https:\/\/yogaandoils.de\/?page_id=1024"},"modified":"2026-04-24T17:13:10","modified_gmt":"2026-04-24T15:13:10","slug":"onlinekurse","status":"publish","type":"page","link":"https:\/\/yogaandoils.de\/index.php\/onlinekurse\/","title":{"rendered":"Online Kurse"},"content":{"rendered":"\n<p><strong>Online Live Pr\u00e4ventionskurse zur Entspannung<\/strong> mit Krankenkassen Erstattung (meist 85%)<\/p>\n\n\n\n<p>Sanftes, ruhiges Yoga zur Stressbew\u00e4ltigung und Dehnung des K\u00f6rpers.<\/p>\n\n\n\n<p>Erstattung von bis zu ca.<strong> 85% der Kursgeb\u00fchr.<\/strong> Die meisten Krankenkassen erstatten <strong>75-100\u20ac<\/strong> je Kurs. Kosten\u00fcbernahme ist vorab mit Deiner gesetzlichen Krankenkasse abzustimmen.<\/p>\n\n\n\n<iframe loading=\"lazy\" id=\"68b0275fbb54ac3dba3d742b\" width=\"100%\" height=\"150\" class=\"yolawo-widget\" allow=\"payment\" src=\"https:\/\/widgets.yolawo.de\/w\/68b0275fbb54ac3dba3d742b\" frameborder=\"0\" data-offset-x=\"50\" scrolling=\"no\"><\/iframe><script type=\"text\/javascript\" src=\"https:\/\/widgets.yolawo.de\/assets\/script.js\"><\/script>\n\n\n\n<hr class=\"wp-block-separator has-alpha-channel-opacity\"\/>\n\n\n\n<h3 class=\"wp-block-heading\">Deine Vorteile:<\/h3>\n\n\n\n<p style=\"margin-top:var(--wp--preset--spacing--20);margin-right:var(--wp--preset--spacing--10);margin-bottom:var(--wp--preset--spacing--20);margin-left:var(--wp--preset--spacing--10)\"><\/p>\n\n\n\n<p style=\"margin-top:0;margin-bottom:0\">\u2705 flexibel von zuhause in kleiner Gruppe (max. 15 TN)<\/p>\n\n\n\n<p style=\"margin-top:0;margin-bottom:0\">\u2705 krankenkassenzertifiziert<\/p>\n\n\n\n<p style=\"margin-top:0;margin-bottom:0\">\u2705 individuelle Betreuung m\u00f6glich (Kamera an)<\/p>\n\n\n\n<p style=\"margin-top:0;margin-bottom:0\">\u2705 nachhaltige Routine zum Stressabbau aufbauen<\/p>\n\n\n\n<p>Bei Fragen melde Dich gern jederzeit bei mir. Sofern Du \u00fcber <strong>VITREA (ehem. VAMED) <\/strong>kommst, gib dies bitte bei der Anmeldung an.<\/p>\n\n\n\n<p>Ich freue mich auf Dich!<\/p>\n\n\n\n<div class=\"wp-block-buttons is-content-justification-center is-layout-flex wp-container-core-buttons-is-layout-a89b3969 wp-block-buttons-is-layout-flex\">\n<div class=\"wp-block-button is-style-tove-plain\"><a class=\"wp-block-button__link has-text-color has-background has-link-color has-large-font-size has-custom-font-size wp-element-button\" href=\"https:\/\/widgets.yolawo.de\/w\/68b0275fbb54ac3dba3d742b\" style=\"color:#e9c46a;background-color:#2d2a3e\">Pr\u00e4ventionskurs hier buchen<\/a><\/div>\n<\/div>\n\n\n\n<hr class=\"wp-block-separator has-alpha-channel-opacity\"\/>\n\n\n\n<p><\/p>\n","protected":false},"excerpt":{"rendered":"<p>Online Live Pr\u00e4ventionskurse zur Entspannung mit Krankenkassen Erstattung (meist 85%) Sanftes, ruhiges Yoga zur Stressbew\u00e4ltigung und Dehnung des K\u00f6rpers. Erstattung von bis zu ca. 85% der Kursgeb\u00fchr. Die meisten Krankenkassen erstatten 75-100\u20ac je Kurs. Kosten\u00fcbernahme ist vorab mit Deiner gesetzlichen Krankenkasse abzustimmen. Deine Vorteile: \u2705 flexibel von zuhause in kleiner Gruppe (max. 15 TN) \u2705 [&hellip;]<\/p>\n","protected":false},"author":1,"featured_media":0,"parent":0,"menu_order":0,"comment_status":"closed","ping_status":"closed","template":"","meta":{"_monsterinsights_skip_tracking":false,"_monsterinsights_sitenote_active":false,"_monsterinsights_sitenote_note":"","_monsterinsights_sitenote_category":0,"footnotes":""},"class_list":["post-1024","page","type-page","status-publish","hentry"],"aioseo_notices":[],"_links":{"self":[{"href":"https:\/\/yogaandoils.de\/index.php\/wp-json\/wp\/v2\/pages\/1024","targetHints":{"allow":["GET"]}}],"collection":[{"href":"https:\/\/yogaandoils.de\/index.php\/wp-json\/wp\/v2\/pages"}],"about":[{"href":"https:\/\/yogaandoils.de\/index.php\/wp-json\/wp\/v2\/types\/page"}],"author":[{"embeddable":true,"href":"https:\/\/yogaandoils.de\/index.php\/wp-json\/wp\/v2\/users\/1"}],"replies":[{"embeddable":true,"href":"https:\/\/yogaandoils.de\/index.php\/wp-json\/wp\/v2\/comments?post=1024"}],"version-history":[{"count":46,"href":"https:\/\/yogaandoils.de\/index.php\/wp-json\/wp\/v2\/pages\/1024\/revisions"}],"predecessor-version":[{"id":1384,"href":"https:\/\/yogaandoils.de\/index.php\/wp-json\/wp\/v2\/pages\/1024\/revisions\/1384"}],"wp:attachment":[{"href":"https:\/\/yogaandoils.de\/index.php\/wp-json\/wp\/v2\/media?parent=1024"}],"curies":[{"name":"wp","href":"https:\/\/api.w.org\/{rel}","templated":true}]}}